2 + 2*m + 2. Determine y(-2).
18
Let g(o) = -28*o + 3. Calculate g(2).
-53
Let p(z) = 6*z + 196. Determine p(-31).
10
Let k(a) = -15*a + 6. Give k(3).
-39
Let p(x) = x**2 - 6*x - 14. Determine p(6).
-14
Let l(f) = -3*f**2 + f - 1. Give l(1).
-3
Let r(y) = -y. What is r(-4)?
4
Let j(p) = p**2 + 2*p - 33. Calculate j(0).
-33
Let v(r) = -4*r**3 - 3*r**2 + 2*r - 2. Give v(-3).
73
Let a(v) = v**2 + 24*v - 85. Give a(5).
60
Let b(d) = -d**2 - 7*d - 8. What is b(-6)?
-2
Let n(v) = -2*v - 9. Determine n(2).
-13
Let s(r) = -4*r**3 - 2*r + 1. Determine s(1).
-5
Let x(f) = f + 17. Calculate x(4).
21
Let k(n) = -7*n**2 + n + 16. Determine k(-3).
-50
Let y(o) = o**2 + 8*o + 3. Determine y(-6).
-9
Let z(a) = -4*a**2 - 364*a + 3. Calculate z(-91).
3
Let r(l) = -l**2 - 12*l. What is r(-12)?
0
Let w(x) = -44*x + 14. Give w(4).
-162
Let f(x) = -2*x - 5. What is f(12)?
-29
Let v(w) = -w**3 + 23*w**2 - 21*w - 3. Determine v(22).
19
Let r(p) = 24*p**3 - p**2. What is r(-1)?
-25
Let i(y) = y + 16. What is i(-10)?
6
Let t(s) = -15*s - 649. Determine t(-44).
11
Let z(b) = b**3 - 5*b**2 - 8*b + 16. Give z(5).
-24
Let x(c) = -c**2 - 8*c - 13. Calculate x(-13).
-78
Let t(q) = 2*q**2 + 2*q + 3. Determine t(-2).
7
Let m(a) = 4*a**2 - 126*a + 68. Determine m(31).
6
Let w(j) = -5*j**2 - 17*j + 11. What is w(-4)?
-1
Let p(x) = -10*x + 59. Determine p(6).
-1
Let q(c) = -6*c - 67. Determine q(-12).
5
Let q(k) = -k**3 + 6*k**2 + 28*k - 7. Determine q(9).
2
Let z(i) = i**2 + 5*i - 2. What is z(-6)?
4
Let d(p) = 2*p**2 + 3*p + 1. Give d(-3).
10
Let j(n) = -48*n**2 - n + 1. Give j(1).
-48
Let k(j) = -3*j**2 + 13*j + 15. What is k(-2)?
-23
Let w(r) = -r**2 - r + 6. What is w(5)?
-24
Let o(r) = 8*r + 2. Calculate o(-2).
-14
Let y(g) = g + 2. What is y(4)?
6
Let u(h) = h**3 - 4*h**2 - 5*h - 2. Give u(-3).
-50
Let w(t) = 3*t - 7. What is w(4)?
5
Let l(r) = -r**2 - 13*r - 4. What is l(-12)?
8
Let c(o) = o**3 + 10*o**2 - 8*o + 4. Give c(-10).
84
Let l(t) = 9*t + 25. What is l(-8)?
-47
Let r(y) = -y**2 + 17*y - 16. Give r(18).
-34
Let r(k) = k**2 - 9*k - 31. Give r(12).
5
Let z(d) = -3*d - 1. What is z(0)?
-1
Let l(h) = 7*h + 284. Calculate l(-46).
-38
Let g(v) = -5*v + 2. What is g(2)?
-8
Let x(k) = k**3 + 15*k**2 + 15*k + 12. What is x(-14)?
-2
Let k(u) = -5*u**2 - 17*u + 83. Calculate k(-6).
5
Let t(u) = 4*u - 27. Calculate t(10).
13
Let y(w) = w**2 - 13*w + 17. What is y(12)?
5
Let g(b) = 20*b - 260. Give g(13).
0
Let y(k) = k**3 - k**2 + 2*k + 3. What is y(-2)?
-13
Let x(d) = -d**2 - 53*d - 251. Calculate x(-48).
-11
Let h(z) = -17*z**2 - 2*z - 1. Determine h(-1).
-16
Let x(u) = -u**2 + 5*u + 16. Give x(6).
10
Let h(t) = 6*t + 13. Calculate h(-12).
-59
Let j(w) = 2*w**3 + 13*w**2 + 3*w - 14. Give j(-6).
4
Let g(y) = -y**2 + 7*y - 17. Calculate g(2).
-7
Let n(m) = m**3 + 6*m**2 + 8*m + 3. Determine n(-4).
3
Let u(g) = -g**2 - 63*g + 204. Give u(-66).
6
Let a(t) = 2*t**2 + 20*t + 10. What is a(-10)?
10
Let l(j) = -j**3 + 4*j**2 - 5*j + 8. Determine l(3).
2
Let z(v) = -7*v - 5. Determine z(-7).
44
Let c(m) = -m - 14. Determine c(-11).
-3
Let c(o) = 2*o**3 - 28*o**2 - o + 12. What is c(14)?
-2
Let y(f) = -4*f + 16. Calculate y(0).
16
Let w(s) = -99*s + 11. Calculate w(1).
-88
Let o(f) = -f**2 - 11*f + 5. Give o(-7).
33
Let y(b) = b**3 + 25*b**2 + 49*b + 68. What is y(-23)?
-1
Let g(q) = 4*q**2 - 2*q + 6. What is g(2)?
18
Let h(n) = -n**2 + 2*n + 1. What is h(-5)?
-34
Let p(b) = -b**3 + 10*b**2 - 10*b + 1. What is p(9)?
-8
Let w(r) = r**2 - 11*r + 20. Determine w(2).
2
Let w(c) = -8*c - 1. What is w(-2)?
15
Let w(n) = 16*n**2 + n - 3. Determine w(2).
63
Let r(n) = -27*n**2 + 3*n + 5. Give r(-2).
-109
Let w(b) = b**3 - 5*b**2 - 13*b + 8. What is w(5)?
-57
Let o(t) = -3*t**2 - 7*t + 10. Give o(-4).
-10
Let o(t) = 2*t**3 + 4*t**2 - 3*t + 2. Calculate o(2).
28
Let o(t) = -t**2 + 2*t - 1. Give o(2).
-1
Let f(b) = b**3 - 9*b**2 - 11*b + 18. Determine f(8).
-134
Let c(i) = -i**3 - 12*i**2 + 16*i + 8. Give c(-13).
-31
Let a(m) = m + 58. Calculate a(0).
58
Let g(m) = 22*m**2 + m + 1. Determine g(-1).
22
Let o(n) = -154*n**2 + 7*n - 7. Calculate o(1).
-154
Let v(t) = -t**3 + 6*t**2 + 4*t - 20. Determine v(6).
4
Let i(l) = 5*l - 5. Give i(2).
5
Let i(u) = u**3 - 4*u**2 + 2*u + 2. Calculate i(3).
-1
Let l(a) = -a**3 + 7*a**2 - 8*a + 9. What is l(6)?
-3
Let q(i) = -8*i + 7. What is q(-3)?
31
Let h(x) = 39*x - 355. Give h(9).
-4
Let k(f) = f**3 - 10*f**2 + 7*f - 3. What is k(9)?
-21
Let j(s) = -s**3 + 4*s + 2. Determine j(-5).
107
Let n(y) = -2*y - 46. Calculate n(-16).
-14
Let f(o) = -o**3 + 14*o**2 - 13*o + 5. Give f(13).
5
Let b(x) = -x**2 + 6*x + 7. Give b(7).
0
Let f(h) = -2*h**2 + 6*h - 16. Calculate f(8).
-96
Let q(c) = c**3 - 3*c**2 - 2*c + 1. Calculate q(3).
-5
Let n(v) = 2*v**2 + 3*v. Calculate n(4).
44
Let m(c) = 7*c + 3. Calculate m(-6).
-39
Let u(n) = n + 4. Calculate u(-4).
0
Let w(a) = -a**3 - 11*a + 35. Give w(0).
35
Let j(k) = -k**3 + k**2 - 3*k - 3. Give j(-1).
2
Let j(b) = -2*b**3 - 11*b**2 + 14*b + 88. What is j(-5)?
-7
Let k(p) = 2*p**3 + 2*p**2 - 2*p - 3. What is k(-2)?
-7
Let s(j) = 2*j**2 + 4*j + 7. Determine s(-6).
55
Let z(j) = -13*j**2 + 3*j + 3. Give z(-1).
-13
Let u(j) = -j**3 + 6*j**2 + 9*j - 40. What is u(7)?
-26
Let g(p) = -p**3 - 10*p**2 + 10*p - 5. Calculate g(-11).
6
Let x(l) = 5*l**2 - 5*l + 3. What is x(2)?
13
Let m(j) = 4*j - 7. Give m(-8).
-39
Let o(a) = 2*a**2 + 35*a + 8. Give o(-17).
-9
Let o(m) = 3*m**3 - 12*m**2 + 2*m - 6. Calculate o(4).
2
Let w(z) = z**3 - 7*z**2 - 16*z - 7. Determine w(9).
11
Let z(v) = 3*v**2 - 34*v - 64. Calculate z(13).
1
Let w(i) = i**3 + 5*i**2 + 10*i + 20. What is w(-3)?
8
Let x(q) = q**2 - 6*q - 4. Give x(-4).
36
Let q(k) = 3*k + 1. Calculate q(-5).
-14
Let j(g) = -g - 5. Determine j(7).
-12
Let l(y) = -y**3 + 12*y**2 - 21*y - 50. Calculate l(4).
-6
Let k(h) = h**3 + 9*h**2 + 4*h - 6. What is k(-8)?
26
Let w(s) = 7*s - 48. Give w(9).
15
Let y(d) = d**2 - 4. Determine y(6).
32
Let z(l) = -l**3 - 3*l**2 - 3*l + 3. Calculate z(-3).
12
Let j(k) = k**3 - 13*k**2 + 9*k - 16. Determine j(11).
-159
Let f(j) = j**3 + 5*j**2 - 9*j + 10. Determine f(-7).
-25
Let f(t) = -t - 18. Give f(-5).
-13
Let h(g) = -13*g**3 - 3*g**2 - 16*g + 16. Determine h(1).
-16
Let h(d) = 39*d - 200. Calculate h(5).
-5
Let y(m) = -32*m - 801. Determine y(-25).
-1
Let c(k) = k + 12. Calculate c(-11).
1
Let f(y) = -5*y - 24. What is f(-4)?
-4
Let d(z) = 2*z + 20. Calculate d(-10).
0
Let f(p) = p**3 + 4*p**2 - 14*p - 12. What is f(-5)?
33
Let g(l) = 5*l + 16. Give g(-6).
-14
Let k(f) = -14*f + 317. What is k(22)?
9
Let d(b) = -b + 3. What is d(-4)?
7
Let l(c) = -c**3 + 10*c**2 + 4*c - 7. Give l(10).
33
Let k(i) = 12*i + 527. Give k(-44).
-1
Let b(o) = o**3 + 8*o**2 - 8*o + 11. Determine b(-9).
2
Let w(x) = -x**3 + 8*x - 7. Calculate w(3).
-10
Let y(f) = -4*f**2 + 3*f + 3. Calculate y(-5).
-112
Let y(v) = -v**2 + 13*v + 28. What is y(15)?
-2
Let n(g) = -g**3 + 14*g**2 - 23*g + 2. Calculate n(12).
14
Let u(b) = 8*b + 41. Calculate u(-8).
-23
Let v(g) = -20*g + 886. Give v(44).
6
Let y(c) = -2*c**2 + 35*c - 28. What is y(16)?
20
Let o(u) = -u**2 + 3*u - 2. Determine o(4).
-6
Let f(h) = 11*h + 7. Determine f(-3).
-26
Let b(r) = -r**2 - 3*r + 7. Give b(-6).
-11
Let c(q) = -q**2 + 9*q + 9. What is c(-2)?
-13
Let g(v) = v**3 + 3*v**2 + v. Calculate g(-4).
-20
Let o(r) = -4*r**2 - 10*r + 1. Determine o(-3).
-5
Let o(x) = -2*x**2 - 17*x + 1. Determine o(-10).
-29
Let a(n) = -36*n + 5. Determine a(-1).
41
Let c(l) = l**2 - 7*l + 3. What is c(7)?
3
Let k(z) = 2*z**2 + 17*z + 15. Determine k(-6).
-15
Let l(a) = a**2 - 5*a - 3. Give l(5).
-3
Let n(r) = -r**3 + 10*r + 14. What is n(4)?
-10
Let n(h) = h**3 + 2*h**2 - 4*h - 2. What is n(-3)?
1
Let c(p) = -p**2 - p + 1. What is c(-2)?
-1
Let k(x) = -x**2 - 5*x + 28. What is k(-9)?
-8
Let q(y) = -y**3 + 10*y**2 + 27*y - 19. Calculate q(12).
17
Let l(c) = c**3 - 7*c**2 + 2*c. What is l(3)?
-30
Let g(n) = n**3 + 3*n**2 - 10*n - 22. Give g(-4).
2
Let b(q) = -3*q**2 + 10*q + 6. Calculate b(7).
-71
Let h(m) = -4*m**3 - m - 2. What is h(-1)?
3
Let h(k) = k**2 + 31*k + 22. What is h(-30)?
-8
Let w(k) = 3*k**2 + 114*k - 7. Calculate w(-38).
-7
Let k(u) = -u + 5. What is k(-3)?
8
Let g(i) = 2*i + 12. What is g(-4)?
4
Let l(j) = -3*j**2 - 4*j